{"id":318,"date":"2025-01-24T19:30:42","date_gmt":"2025-01-24T18:30:42","guid":{"rendered":"https:\/\/educapenco.cl\/dem\/?page_id=318"},"modified":"2026-04-06T16:39:12","modified_gmt":"2026-04-06T14:39:12","slug":"jardines-infantiles","status":"publish","type":"page","link":"https:\/\/educapenco.cl\/dem\/jardines-infantiles","title":{"rendered":"JARDINES INFANTILES"},"content":{"rendered":"<p>[et_pb_section fb_built=\u00bb1&#8243; _builder_version=\u00bb4.27.4&#8243; _module_preset=\u00bbdefault\u00bb global_colors_info=\u00bb{}\u00bb][et_pb_row column_structure=\u00bb3_4,1_4&#8243; _builder_version=\u00bb4.27.4&#8243; _module_preset=\u00bbdefault\u00bb global_colors_info=\u00bb{}\u00bb][et_pb_column type=\u00bb3_4&#8243; _builder_version=\u00bb4.27.4&#8243; _module_preset=\u00bbdefault\u00bb global_colors_info=\u00bb{}\u00bb][et_pb_text _builder_version=\u00bb4.27.4&#8243; _module_preset=\u00bbdefault\u00bb text_font=\u00bbWork Sans|700|||||||\u00bb text_text_color=\u00bb#E12D89&#8243; text_font_size=\u00bb18px\u00bb text_orientation=\u00bbcenter\u00bb custom_margin=\u00bb30px||||false|false\u00bb global_colors_info=\u00bb{}\u00bb]<\/p>\n<p><strong>05<\/strong><span>\u00a0Salas Cunas y Jardines Infantiles v\u00eda transferencia de fondos (VTF)<\/span><\/p>\n<p>[\/et_pb_text][\/et_pb_column][et_pb_column type=\u00bb1_4&#8243; _builder_version=\u00bb4.27.4&#8243; _module_preset=\u00bbdefault\u00bb global_colors_info=\u00bb{}\u00bb][et_pb_social_media_follow _builder_version=\u00bb4.27.4&#8243; _module_preset=\u00bbdefault\u00bb custom_margin=\u00bb40px||||false|false\u00bb global_colors_info=\u00bb{}\u00bb][et_pb_social_media_follow_network social_network=\u00bbfacebook\u00bb url=\u00bbhttps:\/\/www.facebook.com\/pencodem\u00bb use_icon_font_size=\u00bbon\u00bb icon_font_size=\u00bb20px\u00bb _builder_version=\u00bb4.27.4&#8243; _module_preset=\u00bbdefault\u00bb background_color=\u00bb#3b5998&#8243; global_colors_info=\u00bb{}\u00bb follow_button=\u00bboff\u00bb url_new_window=\u00bbon\u00bb]facebook[\/et_pb_social_media_follow_network][et_pb_social_media_follow_network social_network=\u00bbinstagram\u00bb url=\u00bbhttps:\/\/www.instagram.com\/dem_penco?igsh=MXVpZjdvMXE4c29ucg==\u00bb use_icon_font_size=\u00bbon\u00bb icon_font_size=\u00bb20px\u00bb _builder_version=\u00bb4.27.4&#8243; _module_preset=\u00bbdefault\u00bb background_color=\u00bb#ea2c59&#8243; global_colors_info=\u00bb{}\u00bb follow_button=\u00bboff\u00bb url_new_window=\u00bbon\u00bb]instagram[\/et_pb_social_media_follow_network][\/et_pb_social_media_follow][et_pb_search button_color=\u00bb#E12D89&#8243; _builder_version=\u00bb4.27.4&#8243; _module_preset=\u00bbdefault\u00bb button_font=\u00bbWork Sans|600|||||||\u00bb button_text_color=\u00bb#FFFFFF\u00bb button_line_height=\u00bb2em\u00bb form_field_font=\u00bbVarela Round||||||||\u00bb width=\u00bb100%\u00bb max_width=\u00bb100%\u00bb module_alignment=\u00bbright\u00bb custom_margin=\u00bb20px|0px||0px|false|false\u00bb global_colors_info=\u00bb{}\u00bb][\/et_pb_search][\/et_pb_column][\/et_pb_row][et_pb_row column_structure=\u00bb1_4,1_2,1_4&#8243; _builder_version=\u00bb4.27.4&#8243; _module_preset=\u00bbdefault\u00bb global_colors_info=\u00bb{}\u00bb][et_pb_column type=\u00bb1_4&#8243; _builder_version=\u00bb4.27.4&#8243; _module_preset=\u00bbdefault\u00bb global_colors_info=\u00bb{}\u00bb][et_pb_image src=\u00bbhttps:\/\/educapenco.cl\/dem\/wp-content\/uploads\/2025\/04\/BURBUJITAS-DEL-MAR.png\u00bb title_text=\u00bbBURBUJITAS-DEL-MAR\u00bb _builder_version=\u00bb4.27.4&#8243; _module_preset=\u00bbdefault\u00bb custom_padding=\u00bb16px|50px|5px|50px|false|false\u00bb global_colors_info=\u00bb{}\u00bb][\/et_pb_image][et_pb_divider _builder_version=\u00bb4.27.4&#8243; _module_preset=\u00bbdefault\u00bb custom_margin=\u00bb17px||||false|false\u00bb global_colors_info=\u00bb{}\u00bb][\/et_pb_divider][et_pb_image src=\u00bbhttps:\/\/educapenco.cl\/dem\/wp-content\/uploads\/2025\/04\/SALA-CUNA-RINCON-DE-LUZ.jpg\u00bb title_text=\u00bbSALA-CUNA-RINCON-DE-LUZ\u00bb _builder_version=\u00bb4.27.4&#8243; _module_preset=\u00bbdefault\u00bb custom_padding=\u00bb0px|50px|0px|50px|false|false\u00bb global_colors_info=\u00bb{}\u00bb][\/et_pb_image][et_pb_divider _builder_version=\u00bb4.27.4&#8243; _module_preset=\u00bbdefault\u00bb custom_margin=\u00bb17px||||false|false\u00bb global_colors_info=\u00bb{}\u00bb][\/et_pb_divider][et_pb_image src=\u00bbhttps:\/\/educapenco.cl\/dem\/wp-content\/uploads\/2025\/04\/PASITOS-DEL-FUTURO-01-scaled.png\u00bb title_text=\u00bbPASITOS DEL FUTURO-01&#8243; _builder_version=\u00bb4.27.4&#8243; _module_preset=\u00bbdefault\u00bb custom_padding=\u00bb|50px||50px|false|false\u00bb global_colors_info=\u00bb{}\u00bb][\/et_pb_image][et_pb_divider _builder_version=\u00bb4.27.4&#8243; _module_preset=\u00bbdefault\u00bb custom_margin=\u00bb17px||||false|false\u00bb global_colors_info=\u00bb{}\u00bb][\/et_pb_divider][et_pb_image src=\u00bbhttps:\/\/educapenco.cl\/dem\/wp-content\/uploads\/2025\/04\/gotitas-de-mar.jpg\u00bb title_text=\u00bbgotitas-de-mar\u00bb _builder_version=\u00bb4.27.4&#8243; _module_preset=\u00bbdefault\u00bb custom_padding=\u00bb|50px||50px|false|false\u00bb global_colors_info=\u00bb{}\u00bb][\/et_pb_image][et_pb_divider _builder_version=\u00bb4.27.4&#8243; _module_preset=\u00bbdefault\u00bb custom_margin=\u00bb17px||||false|false\u00bb global_colors_info=\u00bb{}\u00bb][\/et_pb_divider][et_pb_image src=\u00bbhttps:\/\/educapenco.cl\/dem\/wp-content\/uploads\/2025\/04\/LOS-PEQUENOS-DEL-MOLINO_Mesa-de-trabajo-1.png\u00bb title_text=\u00bbLOS PEQUE\u00d1OS DEL MOLINO_Mesa de trabajo 1&#8243; _builder_version=\u00bb4.27.4&#8243; _module_preset=\u00bbdefault\u00bb custom_padding=\u00bb|40px||40px|false|false\u00bb global_colors_info=\u00bb{}\u00bb][\/et_pb_image][et_pb_divider _builder_version=\u00bb4.27.4&#8243; _module_preset=\u00bbdefault\u00bb custom_margin=\u00bb55px||||false|false\u00bb global_colors_info=\u00bb{}\u00bb][\/et_pb_divider][\/et_pb_column][et_pb_column type=\u00bb1_2&#8243; _builder_version=\u00bb4.27.4&#8243; _module_preset=\u00bbdefault\u00bb global_colors_info=\u00bb{}\u00bb][et_pb_text _builder_version=\u00bb4.27.4&#8243; _module_preset=\u00bbdefault\u00bb text_font=\u00bbVarela Round||||||||\u00bb text_font_size=\u00bb16px\u00bb text_line_height=\u00bb1.3em\u00bb custom_margin=\u00bb30px||36px||false|false\u00bb global_colors_info=\u00bb{}\u00bb]<\/p>\n<p><strong>SALA CUNA BURBUJITAS DEL MAR<\/strong><\/p>\n<p><strong>Director:<\/strong> Elizabeth Nu\u00f1ez Reyes<\/p>\n<p><strong>Direcci\u00f3n:<\/strong> Camino Forestalm Dichoco n\u00b0 100, Lirqu\u00e9n.<\/p>\n<p><strong>Tel\u00e9fono:<\/strong> 41 2377037<\/p>\n<p><strong>Correo: <\/strong>Sc.burbujitasdemar@educapenco.cl<\/p>\n<p><strong>RBD:<\/strong> 34302-1<\/p>\n<p>[\/et_pb_text][et_pb_divider _builder_version=\u00bb4.27.4&#8243; _module_preset=\u00bbdefault\u00bb global_colors_info=\u00bb{}\u00bb][\/et_pb_divider][et_pb_text _builder_version=\u00bb4.27.4&#8243; _module_preset=\u00bbdefault\u00bb text_font=\u00bbVarela Round||||||||\u00bb text_font_size=\u00bb16px\u00bb text_line_height=\u00bb1.3em\u00bb custom_margin=\u00bb30px||62px||false|false\u00bb global_colors_info=\u00bb{}\u00bb]<\/p>\n<p><strong>SALA CUNA Y JARD\u00cdN INFANTIL RINC\u00d3N DE LUZ<\/strong><\/p>\n<p><strong>Director:<\/strong> Cynthia Sanhueza Cartes<\/p>\n<p><strong>Direcci\u00f3n:<\/strong> Calle Eusebio Lillo N\u00b0 300, Forjadores de Chile, Penco.<\/p>\n<p><strong>Tel\u00e9fono:<\/strong> 41-2305043<\/p>\n<p><strong>Correo:<\/strong> Sc.rincondeluz@educapenco.cl<\/p>\n<p><strong>RBD:<\/strong> 34304-8<\/p>\n<p>[\/et_pb_text][et_pb_divider _builder_version=\u00bb4.27.4&#8243; _module_preset=\u00bbdefault\u00bb global_colors_info=\u00bb{}\u00bb][\/et_pb_divider][et_pb_text _builder_version=\u00bb4.27.4&#8243; _module_preset=\u00bbdefault\u00bb text_font=\u00bbVarela Round||||||||\u00bb text_font_size=\u00bb16px\u00bb text_line_height=\u00bb1.3em\u00bb custom_margin=\u00bb30px||71px||false|false\u00bb global_colors_info=\u00bb{}\u00bb]<\/p>\n<p><strong>SALA CUNA Y JARD\u00cdN INFANTIL PASITOS DEL FUTURO<\/strong><\/p>\n<p><strong>Director:<\/strong> Evelyn Cruces Navarrete<\/p>\n<p><strong>Direcci\u00f3n:<\/strong> Calle Los Lirios N\u00b0100, Cosmito.<\/p>\n<p><strong>Tel\u00e9fono:<\/strong> +569 987159576<\/p>\n<p><strong>Correo: <\/strong>Sc.pasitosdelfuturo@educapenco.cl<\/p>\n<p><strong>RBD:<\/strong> 34305-6<\/p>\n<p>[\/et_pb_text][et_pb_divider _builder_version=\u00bb4.27.4&#8243; _module_preset=\u00bbdefault\u00bb global_colors_info=\u00bb{}\u00bb][\/et_pb_divider][et_pb_text _builder_version=\u00bb4.27.4&#8243; _module_preset=\u00bbdefault\u00bb text_font=\u00bbVarela Round||||||||\u00bb text_font_size=\u00bb16px\u00bb text_line_height=\u00bb1.3em\u00bb custom_margin=\u00bb30px||62px||false|false\u00bb global_colors_info=\u00bb{}\u00bb]<\/p>\n<p><strong>SALA CUNA Y JARD\u00cdN INFANTIL GOTITAS DE MAR<\/strong><\/p>\n<p><strong>Director:<\/strong> Sandra Carvajal Guerra<\/p>\n<p><strong>Direcci\u00f3n: <\/strong>Calle Lorenzo Riveros N\u00b0349. Cerro Verde Alto, Penco.<\/p>\n<p><strong>Tel\u00e9fono:<\/strong> 41-2386583<\/p>\n<p><strong>Correo:<\/strong>sc.gotitasdemar@educapenco.cl<\/p>\n<p><strong>RBD:<\/strong> 34306-4<\/p>\n<p>[\/et_pb_text][et_pb_divider _builder_version=\u00bb4.27.4&#8243; _module_preset=\u00bbdefault\u00bb global_colors_info=\u00bb{}\u00bb][\/et_pb_divider][et_pb_text _builder_version=\u00bb4.27.4&#8243; _module_preset=\u00bbdefault\u00bb text_font=\u00bbVarela Round||||||||\u00bb text_font_size=\u00bb16px\u00bb text_line_height=\u00bb1.3em\u00bb custom_margin=\u00bb30px||34px||false|false\u00bb global_colors_info=\u00bb{}\u00bb]<\/p>\n<p><strong>SALA CUNA Y JARD\u00cdN INFANTIL LOS PEQUE\u00d1OS DEL MOLINO<\/strong><\/p>\n<p><strong>Director:<\/strong> Solange Araya Soto<\/p>\n<p><strong>Direcci\u00f3n: <\/strong>Calle Mait\u00e9n N\u00b0 500, Penco.<\/p>\n<p><strong>Tel\u00e9fono:<\/strong> 41-2452533<\/p>\n<p><strong>Correo: <\/strong>Sc.pequenosdelmolino@educapenco.cl<\/p>\n<p><strong>RBD:<\/strong> 34307-2<\/p>\n<p>[\/et_pb_text][et_pb_divider _builder_version=\u00bb4.27.4&#8243; _module_preset=\u00bbdefault\u00bb global_colors_info=\u00bb{}\u00bb][\/et_pb_divider][\/et_pb_column][et_pb_column type=\u00bb1_4&#8243; _builder_version=\u00bb4.27.4&#8243; _module_preset=\u00bbdefault\u00bb global_colors_info=\u00bb{}\u00bb][et_pb_image src=\u00bbhttps:\/\/educapenco.cl\/dem\/wp-content\/uploads\/2025\/01\/penco-2.png\u00bb title_text=\u00bbpenco\u00bb url=\u00bbhttps:\/\/penco.cl\/\u00bb url_new_window=\u00bbon\u00bb force_fullwidth=\u00bbon\u00bb _builder_version=\u00bb4.27.4&#8243; _module_preset=\u00bbdefault\u00bb module_alignment=\u00bbright\u00bb custom_margin=\u00bb20px||20px||false|false\u00bb global_colors_info=\u00bb{}\u00bb][\/et_pb_image][et_pb_image src=\u00bbhttps:\/\/educapenco.cl\/dem\/wp-content\/uploads\/2025\/01\/ANOTATE-EN-LA-LISTA.jpg\u00bb title_text=\u00bbAN\u00d3TATE-EN-LA-LISTA\u00bb url=\u00bbhttps:\/\/registropublicodigital.mineduc.gob.cl\/rpd-app-registro-apoderado\/login\u00bb url_new_window=\u00bbon\u00bb _builder_version=\u00bb4.27.4&#8243; _module_preset=\u00bbdefault\u00bb global_colors_info=\u00bb{}\u00bb][\/et_pb_image][et_pb_image src=\u00bbhttps:\/\/educapenco.cl\/dem\/wp-content\/uploads\/2025\/01\/icon-transparencia-solicita.png\u00bb title_text=\u00bbicon-transparencia-solicita\u00bb url=\u00bbhttps:\/\/www.portaltransparencia.cl\/PortalPdT\/web\/guest\/directorio-de-organismos-regulados?p_p_id=pdtorganismos_WAR_pdtorganismosportlet&#038;orgcode=d238e8509d22ab7f26a23c910afb145a\u00bb url_new_window=\u00bbon\u00bb _builder_version=\u00bb4.27.4&#8243; _module_preset=\u00bbdefault\u00bb custom_margin=\u00bb20px||||false|false\u00bb global_colors_info=\u00bb{}\u00bb][\/et_pb_image][et_pb_image src=\u00bbhttps:\/\/educapenco.cl\/dem\/wp-content\/uploads\/2025\/01\/icon-transparencia-activa.png\u00bb title_text=\u00bbicon-transparencia-activa\u00bb url=\u00bbhttps:\/\/www.portaltransparencia.cl\/PortalPdT\/directorio-de-organismos-regulados\/?org=MU210&#8243; url_new_window=\u00bbon\u00bb _builder_version=\u00bb4.27.4&#8243; _module_preset=\u00bbdefault\u00bb custom_margin=\u00bb20px||||false|false\u00bb global_colors_info=\u00bb{}\u00bb][\/et_pb_image][et_pb_image src=\u00bbhttps:\/\/educapenco.cl\/dem\/wp-content\/uploads\/2025\/01\/icon-lobby-plataforma.png\u00bb title_text=\u00bbicon-lobby-plataforma\u00bb url=\u00bbhttps:\/\/www.leylobby.gob.cl\/admin\/auth\/prelogin-funcionarios\u00bb url_new_window=\u00bbon\u00bb _builder_version=\u00bb4.27.4&#8243; _module_preset=\u00bbdefault\u00bb custom_margin=\u00bb20px||||false|false\u00bb global_colors_info=\u00bb{}\u00bb][\/et_pb_image][\/et_pb_column][\/et_pb_row][\/et_pb_section]<\/p>\n","protected":false},"excerpt":{"rendered":"<p>05\u00a0Salas Cunas y Jardines Infantiles v\u00eda transferencia de fondos (VTF)SALA CUNA BURBUJITAS DEL MAR Director: Elizabeth Nu\u00f1ez Reyes Direcci\u00f3n: Camino Forestalm Dichoco n\u00b0 100, Lirqu\u00e9n. Tel\u00e9fono: 41 2377037 Correo: Sc.burbujitasdemar@educapenco.cl RBD: 34302-1SALA CUNA Y JARD\u00cdN INFANTIL RINC\u00d3N DE LUZ Director: Cynthia Sanhueza Cartes Direcci\u00f3n: Calle Eusebio Lillo N\u00b0 300, Forjadores de Chile, Penco. Tel\u00e9fono: 41-2305043 [&hellip;]<\/p>\n","protected":false},"author":1,"featured_media":0,"parent":0,"menu_order":0,"comment_status":"closed","ping_status":"closed","template":"","meta":{"_et_pb_use_builder":"on","_et_pb_old_content":"","_et_gb_content_width":"","footnotes":""},"class_list":["post-318","page","type-page","status-publish","hentry"],"_links":{"self":[{"href":"https:\/\/educapenco.cl\/dem\/wp-json\/wp\/v2\/pages\/318","targetHints":{"allow":["GET"]}}],"collection":[{"href":"https:\/\/educapenco.cl\/dem\/wp-json\/wp\/v2\/pages"}],"about":[{"href":"https:\/\/educapenco.cl\/dem\/wp-json\/wp\/v2\/types\/page"}],"author":[{"embeddable":true,"href":"https:\/\/educapenco.cl\/dem\/wp-json\/wp\/v2\/users\/1"}],"replies":[{"embeddable":true,"href":"https:\/\/educapenco.cl\/dem\/wp-json\/wp\/v2\/comments?post=318"}],"version-history":[{"count":21,"href":"https:\/\/educapenco.cl\/dem\/wp-json\/wp\/v2\/pages\/318\/revisions"}],"predecessor-version":[{"id":818,"href":"https:\/\/educapenco.cl\/dem\/wp-json\/wp\/v2\/pages\/318\/revisions\/818"}],"wp:attachment":[{"href":"https:\/\/educapenco.cl\/dem\/wp-json\/wp\/v2\/media?parent=318"}],"curies":[{"name":"wp","href":"https:\/\/api.w.org\/{rel}","templated":true}]}}