{"id":772,"date":"2025-09-03T17:08:39","date_gmt":"2025-09-03T15:08:39","guid":{"rendered":"https:\/\/educapenco.cl\/dem\/?page_id=772"},"modified":"2025-09-03T17:10:19","modified_gmt":"2025-09-03T15:10:19","slug":"ofertas-laborales-2","status":"publish","type":"page","link":"https:\/\/educapenco.cl\/dem\/ofertas-laborales-2","title":{"rendered":"Ofertas Laborales"},"content":{"rendered":"<p>[et_pb_section fb_built=\u00bb1&#8243; theme_builder_area=\u00bbpost_content\u00bb _builder_version=\u00bb4.27.4&#8243; _module_preset=\u00bbdefault\u00bb][et_pb_row _builder_version=\u00bb4.27.4&#8243; _module_preset=\u00bbdefault\u00bb theme_builder_area=\u00bbpost_content\u00bb][et_pb_column _builder_version=\u00bb4.27.4&#8243; _module_preset=\u00bbdefault\u00bb type=\u00bb4_4&#8243; theme_builder_area=\u00bbpost_content\u00bb][et_pb_image src=\u00bbhttps:\/\/educapenco.cl\/dem\/wp-content\/uploads\/2025\/09\/OFERTAS-LABORALES.png\u00bb _builder_version=\u00bb4.27.4&#8243; _module_preset=\u00bbdefault\u00bb theme_builder_area=\u00bbpost_content\u00bb hover_enabled=\u00bb0&#8243; sticky_enabled=\u00bb0&#8243; title_text=\u00bbOFERTAS-LABORALES\u00bb][\/et_pb_image][\/et_pb_column][\/et_pb_row][\/et_pb_section][et_pb_section fb_built=\u00bb1&#8243; theme_builder_area=\u00bbpost_content\u00bb _builder_version=\u00bb4.27.4&#8243; _module_preset=\u00bbdefault\u00bb][et_pb_row _builder_version=\u00bb4.27.4&#8243; _module_preset=\u00bbdefault\u00bb theme_builder_area=\u00bbpost_content\u00bb][et_pb_column _builder_version=\u00bb4.27.4&#8243; _module_preset=\u00bbdefault\u00bb type=\u00bb4_4&#8243; theme_builder_area=\u00bbpost_content\u00bb][et_pb_text _builder_version=\u00bb4.27.4&#8243; _module_preset=\u00bbdefault\u00bb theme_builder_area=\u00bbpost_content\u00bb hover_enabled=\u00bb0&#8243; sticky_enabled=\u00bb0&#8243; custom_margin=\u00bb20px|0px|20px|0px|false|false\u00bb text_font=\u00bbWork Sans|600|||||||\u00bb custom_padding=\u00bb|0px|||false|false\u00bb]<\/p>\n<p>Acercarse con curr\u00edculum al Departamento de Educaci\u00f3n Municipal de Penco, ubicado en Los Carrera #230, Penco.<\/p>\n<p>REEMPLAZO:<\/p>\n<p>LICEO PENCOPOLITANO: 21 d\u00edas, 44 horas. Desde 17 de septiembre de 2025.<\/p>\n<p>COLEGIO REP\u00daBLICA DE ITALIA: 10 horas semanales. Desde 12 de septiembre de 2025.<\/p>\n<p>[\/et_pb_text][\/et_pb_column][\/et_pb_row][\/et_pb_section]<\/p>\n","protected":false},"excerpt":{"rendered":"<p>Acercarse con curr\u00edculum al Departamento de Educaci\u00f3n Municipal de Penco, ubicado en Los Carrera #230, Penco. REEMPLAZO: LICEO PENCOPOLITANO: 21 d\u00edas, 44 horas. Desde 17 de septiembre de 2025. COLEGIO REP\u00daBLICA DE ITALIA: 10 horas semanales. Desde 12 de septiembre de 2025.<\/p>\n","protected":false},"author":2,"featured_media":0,"parent":0,"menu_order":0,"comment_status":"closed","ping_status":"closed","template":"","meta":{"_et_pb_use_builder":"on","_et_pb_old_content":"","_et_gb_content_width":"","footnotes":""},"class_list":["post-772","page","type-page","status-publish","hentry"],"_links":{"self":[{"href":"https:\/\/educapenco.cl\/dem\/wp-json\/wp\/v2\/pages\/772","targetHints":{"allow":["GET"]}}],"collection":[{"href":"https:\/\/educapenco.cl\/dem\/wp-json\/wp\/v2\/pages"}],"about":[{"href":"https:\/\/educapenco.cl\/dem\/wp-json\/wp\/v2\/types\/page"}],"author":[{"embeddable":true,"href":"https:\/\/educapenco.cl\/dem\/wp-json\/wp\/v2\/users\/2"}],"replies":[{"embeddable":true,"href":"https:\/\/educapenco.cl\/dem\/wp-json\/wp\/v2\/comments?post=772"}],"version-history":[{"count":2,"href":"https:\/\/educapenco.cl\/dem\/wp-json\/wp\/v2\/pages\/772\/revisions"}],"predecessor-version":[{"id":775,"href":"https:\/\/educapenco.cl\/dem\/wp-json\/wp\/v2\/pages\/772\/revisions\/775"}],"wp:attachment":[{"href":"https:\/\/educapenco.cl\/dem\/wp-json\/wp\/v2\/media?parent=772"}],"curies":[{"name":"wp","href":"https:\/\/api.w.org\/{rel}","templated":true}]}}